 Let x(u) = -8*v(u) - 5*w(u). What is the tens digit of x(-4)?
7
Suppose 2*p - 13 = p - c, -p = -5*c - 1. Suppose -1 + p = 2*i. Suppose -3*v + 30 = -4*u - 79, i*u = -v + 11. What is the tens digit of v?
3
Let a(c) = 33*c**2 - 115*c - 4724. What is the units digit of a(-45)?
6
Let z(g) = -18*g - 13. Let c(x) = -x**3 + 8*x**2 - 5*x + 4. Let y be c(6). Let o = y - 52. What is the units digit of z(o)?
5
Suppose -2*c = 296 + 604. Let w be 5/50*5 - 12870/(-20). Let v = w + c. What is the units digit of v?
4
Let z(a) = -247*a - 633. What is the tens digit of z(-13)?
7
Let s = -19 - -18. Let n be (s/((-2)/630))/(6/4). Suppose 72*y - n = 71*y. What is the units digit of y?
0
Let k = -3645 - -6559. What is the units digit of k?
4
Let q(y) = 114*y**2 + 14*y - 29. What is the units digit of q(-6)?
1
Suppose 248*i = 186*i + 444160 - 91690. What is the hundreds digit of i?
6
Let a(t) = 2*t**2 - 2*t + 29. Let r be a(6). Let s(i) = i**2 - 7*i - 4. Let y be s(-5). Let h = r - y. What is the units digit of h?
3
Let q = 23 - 23. Suppose 4*f = -2*m - 174, 2*f = 5*m - q*f + 495. Let n = 166 + m. What is the units digit of n?
9
Let r(l) = 892*l - 2156. What is the units digit of r(7)?
8
Let h be (5/((-80)/132))/(30/(-80)). Let z(g) = g**3 - 22*g**2 + 27*g + 14. What is the tens digit of z(h)?
0
Let p be ((-549)/15)/((-14)/490). Let k = -857 + p. What is the hundreds digit of k?
4
Let m(p) = -p**2 - 21*p - 13. Let x be m(-18). Let h = x - 45. What is the tens digit of (60 - 1) + h/2?
5
Suppose 4*a + z = 31, 0*z - 4*z = -2*a + 2. Let q(h) = 104*h**2 - 3*h + 3. Let c be q(2). Suppose 14*u - c = a*u. What is the tens digit of u?
5
Suppose 2*w - 622 = 20020 - 1018. What is the hundreds digit of w?
8
Suppose n = 31 + 26. Suppose 0 = -j - 2*j - 6. Let m = j + n. What is the tens digit of m?
5
Let h(a) = -6*a - 1. Let f be h(-8). Let x = -45 + f. Suppose -s + 85 = -x*m + 259, 3*m + s = 271. What is the units digit of m?
9
Let d be (-1 + -4 + (-2)/(-2))*6. Let j = -20 + d. Let h = 76 + j. What is the units digit of h?
2
Let u = 130 + -149. Let x(p) = p**3 + 21*p**2 - 27*p - 41. What is the tens digit of x(u)?
9
Let x(d) = 58*d**2 + 2*d - 5. Let r(g) = -g**3 + 13*g**2 + 11*g + 39. Let v be r(14). What is the units digit of x(v)?
1
Suppose -161502 = -25*x - 10327. What is the hundreds digit of x?
0
Let q be (-133)/4 + 27/12 + -2. Let n = q - -33. What is the tens digit of 1737/18 + (-3)/(-2) + n?
9
Let o be ((-3)/15)/((-4)/(-25))*160. What is the hundreds digit of o/(-24) - 8 - (-2314)/6?
3
What is the tens digit of (6 - 27612/(-48))/((-6)/(-112))?
5
Let h(i) = 113*i**2 + 384*i + 6834. What is the hundreds digit of h(-18)?
5
Let z(y) = y**2. Let t(f) = 4*f**3 + f**2 - f + 1. Let d(w) = 2*t(w) - 6*z(w). What is the units digit of d(3)?
6
Let x(a) = -a**2 - 8*a + 12. Let p be x(-9). Suppose 2*z + p*z = 25. Suppose -3*k = -z*k + 52. What is the tens digit of k?
2
Suppose 397100 = 39*j - 20*j. What is the ten thousands digit of j?
2
Let f = -157 + -257. What is the hundreds digit of 60/(-18)*f/12?
1
Suppose -i = -388*k + 392*k - 77152, 5*k - i = 96431. What is the hundreds digit of k?
2
Suppose -14*w = -9*w - 18560. Suppose 45*o - 61*o = -w. What is the tens digit of o?
3
Let i = -6479 - -10837. What is the tens digit of i?
5
Let d be (1 + -1)*36/72. Suppose d = 2*k + q - 463, 3*q - 7*q + 20 = 0. What is the hundreds digit of k?
2
Suppose 0 = -3*w + 38*w + 14*w - 192031. What is the thousands digit of w?
3
Suppose 553 = 7*k + 98. Let a(p) = 0*p + k*p**2 - 4 + 11*p**2 + p + 3. What is the units digit of a(-1)?
4
Suppose -189*m = -206*m + 213367. What is the ten thousands digit of m?
1
Let o(p) = -p**2 - 6*p + 7. Let m be o(-3). Suppose m = q + 7*q. Suppose -s + 4*b + 9 = -10, q*s = -5*b - 14. What is the units digit of s?
3
Suppose d = 4*f - d - 6, 0 = 3*d + 9. Suppose f*z + 4*x = z - 11, -x - 14 = -4*z. Suppose -z*s = s + 5*l - 471, 3*l - 9 = 0. What is the units digit of s?
4
Let w(r) = 490*r**2 - 571*r - 10. What is the hundreds digit of w(-11)?
5
Let l be 104/(-26) - (-472 - 0). Suppose -9*k - p + l = -4*k, 184 = 2*k + 2*p. What is the units digit of k?
4
Let w(h) = 2*h - 4. Let p be w(10). Suppose 0*i + i = -5*o + 27, 4*o - p = 2*i. Suppose -5*r = 5*m - 390, 396 = o*r + 4*m + 10. What is the units digit of r?
4
Suppose 8*q - 9*q + h + 102 = 0, -2*h = -4*q + 400. Let y = 1192 + q. What is the tens digit of y?
9
Let k be 9 + (-6 - -4 - (0 - 1)). Suppose 0 = -x + c + 446, 7*c = k*c + 4. What is the tens digit of x?
4
Suppose 3*w + 2 - 8 = 0. Suppose 0 = -4*d - 2*l - 571 + 1685, -566 = -w*d + 2*l. What is the tens digit of d?
8
Suppose 61*z + 234435 - 969546 = 0. What is the ten thousands digit of z?
1
Let a(k) = k**3 + 11*k**2 - 3*k + 16. Let o be a(-11). Let p = 85 - o. Suppose 2*j - p = 198. What is the tens digit of j?
1
Let w(n) = -2597*n + 4898. What is the hundreds digit of w(-16)?
4
Let d be 1129568/80 + 3 - (-3)/(-5). Suppose -10*x - 36*x = -d. What is the units digit of x?
7
Suppose -5*r + 5*l = 22 + 23, -41 = 4*r + l. Let h(z) = 6*z**2 + 12*z - 19. What is the tens digit of h(r)?
6
Let y be (-1)/(-2) - 0 - (-12)/8. Suppose 2*h - 10 = -y*z, -3*z + 23 - 8 = h. Suppose -220 = -z*w + 220. What is the units digit of w?
8
Let x(y) = -9 - 17 + 8 + 2*y - 7. Let m be x(9). Let l(u) = -u**3 - 6*u**2 + 3*u - 7. What is the tens digit of l(m)?
2
Suppose -w + 1454 = -2*g, 0 = g + w + 1072 - 351. Let n = g - -2067. What is the hundreds digit of n?
3
Suppose 11*s = -3*b + 112821, 0*b - 4*b = 5*s - 150370. What is the tens digit of b?
8
Let u(t) be the first derivative of -11*t**2/2 - 9*t - 2. Suppose -32*j = -127 + 223. What is the tens digit of u(j)?
2
Suppose g + 5 = -5*p - 0*g, -5*p = 5*g + 25. Suppose 4*y - 8 = -p. What is the tens digit of (90 + 4/y)/(0 - -1)?
9
Let w(d) = d**2 + 13*d + 16. Let g be w(-8). Let j be (-1092)/5 + (-3 - g/10). Let n = -110 - j. What is the tens digit of n?
0
Let x(c) = 147*c - 25. Let a be x(5). Let z = a - 439. What is the tens digit of z?
7
Suppose -2*y + 5*w + 62 = 7*w, 4*w - 22 = -y. Suppose 424 = -y*u + 38*u. What is the units digit of u?
6
Suppose 2*j + 3*d - 26440 = 0, 5*d - 13234 = -40*j + 39*j. What is the ten thousands digit of j?
1
Let b(g) = -155*g + 5*g**2 + 155*g - g**3. Let x be b(0). Suppose u - 95 + 29 = x. What is the units digit of u?
6
Suppose 3*t = -12, -57*w + 3*t + 48816 = -53*w. What is the thousands digit of w?
2
Let i(k) = -35*k - 3. Suppose 4*x + 19 = -21. Let h be i(x). Suppose -h = -4*a - 3*z + 317, -830 = -5*a + 4*z. What is the units digit of a?
6
What is the thousands digit of (-542)/10*(525/28)/(-5)*32?
6
Let s = 6953 + 8270. What is the ten thousands digit of s?
1
Let l(i) = -15*i**3 + 3*i**2 + i. Let g be (-3)/(-8) - (-27)/(-8). What is the units digit of l(g)?
9
Let t = -11 + 6. Let n(r) = r**3 + 5*r**2 + 8*r + 43. Let u be n(-4). What is the units digit of (t*(-2)/(-6))/((-1)/u)?
5
Suppose -3*u + 5671 = -4*b + 1576, -b - 3 = 0. Suppose q + 5*i = 2*q - u, 3*i + 6695 = 5*q. What is the hundreds digit of q?
3
Let o be -19*(5 - 2)/(6/(-64)). Suppose -3*g + 5*u + 5717 = 0, -2*g + u + 4431 = o. What is the thousands digit of g?
1
Suppose -52*b - 44 = -63*b. Suppose -b*w - 3*j + 892 = -3*w, 900 = w - j. What is the tens digit of w?
9
Let k = -42929 - -93618. What is the hundreds digit of k?
6
Suppose 3*b - 5*d = 10385, -14*b + 5*d - 10435 = -17*b. What is the tens digit of b?
7
Let f(a) = a**3 + 6*a**2 + 5*a. Let b be f(-5). Suppose 10*r = 7*r + w + 1335, b = -w + 3. What is the hundreds digit of r?
4
Suppose -5*u + 4*k + 78895 = 0, -15*u - 15779 = -16*u - 4*k. What is the hundreds digit of u?
7
Suppose -85*f + 89*f - 8 = 0. What is the tens digit of ((-440)/(-32))/(f/16)?
1
Let y = 717 + -716. What is the tens digit of 91232/112 + y/7*3?
1
Suppose 3*p = 861 - 69. Let r = -54 + p. What is the units digit of r?
0
Let w(z) = 1490*z + 953. What is the thousands digit of w(21)?
2
Suppose -1 = -3*r + 2. Let d = 5607 + -5603. What is the units digit of 2/d*1210/(5/r)?
1
Suppose -l - 29349 = 26*l. Let f = l - -2670. What is the tens digit of f?
8
Let j = 526 + -342. Let b = 785 + -473. Let n = b - j. What is the hundreds digit of n?
1
Let k(y) = -9*y**2 - 69*y - 36. Let j(z) = -4*z**2 - 35*z - 18. Let q(x) = -5*j(x) + 2*k